42?
False
Is 412378 a multiple of 47?
True
Is 4321395 a multiple of 13?
True
Does 100 divide 105200?
True
Does 37 divide 85901?
False
Does 3 divide 25315?
False
Is 8 a factor of 8696?
True
Is 42 a factor of 1995630?
True
Does 136 divide 7706490?
False
Is 2002702 a multiple of 391?
True
Does 56 divide 42992?
False
Does 53 divide 3896?
False
Does 84 divide 236964?
True
Does 111 divide 825130?
False
Is 254 a factor of 102108?
True
Does 82 divide 8343997?
False
Is 580880 a multiple of 685?
True
Does 43 divide 4945172?
True
Does 141 divide 166107?
False
Does 263 divide 824090?
False
Does 128 divide 73117?
False
Is 22 a factor of 4841821?
False
Is 112 a factor of 5789659?
False
Is 160 a factor of 87047?
False
Is 3680010 a multiple of 188?
False
Is 8 a factor of 7488016?
True
Does 10 divide 447035?
False
Is 4 a factor of 2374340?
True
Does 2 divide 13932?
True
Is 46268 a multiple of 43?
True
Does 13 divide 5125?
False
Does 605 divide 940775?
True
Is 140 a factor of 225491?
False
Is 283 a factor of 2908391?
True
Is 318 a factor of 4355852?
False
Is 130468 a multiple of 338?
True
Is 217 a factor of 764274?
True
Does 45 divide 313020?
True
Is 130 a factor of 24700?
True
Does 23 divide 17917?
True
Is 18 a factor of 1199?
False
Is 3186961 a multiple of 293?
True
Is 3353335 a multiple of 85?
True
Does 13 divide 33658?
False
Does 86 divide 62780?
True
Is 12 a factor of 360190?
False
Is 20 a factor of 2566460?
True
Is 267274 a multiple of 14?
True
Does 64 divide 166640?
False
Does 8 divide 1028969?
False
Is 7 a factor of 14595?
True
Is 23 a factor of 69023?
True
Is 894450 a multiple of 12?
False
Does 18 divide 29232?
True
Does 13 divide 25400246?
False
Is 2623580 a multiple of 19?
False
Is 16 a factor of 155184?
True
Is 39 a factor of 214656?
True
Does 317 divide 3404004?
False
Is 2208000 a multiple of 300?
True
Does 101 divide 450359?
True
Is 559657 a multiple of 5?
False
Is 260100 a multiple of 29?
False
Does 206 divide 83430?
True
Is 2 a factor of 24665?
False
Does 14 divide 612325?
False
Does 15 divide 61485?
True
Is 19 a factor of 15257?
True
Is 265 a factor of 9352544?
False
Does 44 divide 481484?
False
Is 47432 a multiple of 11?
True
Does 41 divide 87166?
True
Is 1744530 a multiple of 41?
False
Is 4227828 a multiple of 22?
True
Is 302778 a multiple of 11?
False
Is 2240863 a multiple of 79?
False
Is 839050 a multiple of 194?
True
Does 27 divide 1773198?
True
Does 163 divide 201142?
True
Is 210695 a multiple of 95?
False
Is 2413831 a multiple of 75?
False
Is 324 a factor of 226152?
True
Is 63 a factor of 1483749?
False
Does 286 divide 1083082?
True
Is 90292 a multiple of 221?
False
Does 63 divide 120083?
False
Does 4 divide 928460?
True
Is 155 a factor of 164920?
True
Is 15080851 a multiple of 47?
False
Is 95 a factor of 4162636?
False
Is 36 a factor of 5000698?
False
Is 17 a factor of 150365?
True
Does 299 divide 107092?
False
Is 145 a factor of 658657?
False
Does 42 divide 26567530?
False
Is 171223 a multiple of 8?
False
Is 15346567 a multiple of 965?
False
Is 37 a factor of 2936322?
False
Does 13 divide 2516699?
False
Does 134 divide 667135?
False
Does 18 divide 123480?
True
Is 1136784 a multiple of 20?
False
Is 9 a factor of 31207?
False
Does 155 divide 2025903?
False
Is 14 a factor of 23236?
False
Is 12 a factor of 5190126?
False
Is 27 a factor of 110135?
False
Is 458 a factor of 12946744?
True
Is 806346 a multiple of 12?
False
Is 320 a multiple of 3?
False
Is 2 a factor of 10683?
False
Is 21 a factor of 801668?
False
Does 10 divide 7269749?
False
Does 10 divide 36402?
False
Is 100257 a multiple of 24?
False
Does 12 divide 245766?
False
Is 1824 a factor of 11824944?
False
Is 51 a factor of 19957?
False
Does 36 divide 39473?
False
Does 20 divide 674222?
False
Does 236 divide 27994084?
True
Is 86387 a multiple of 301?
True
Does 116 divide 838397?
False
Does 436 divide 1331980?
True
Is 409926 a multiple of 66?
True
Is 60 a factor of 183930?
False
Is 1088 a factor of 1268472?
False
Is 2 a factor of 27309?
False
Does 689 divide 3656683?
False
Is 84720 a multiple of 28?
False
Does 213 divide 104583?
True
Is 3000921 a multiple of 6?
False
Is 41 a factor of 3957968?
False
Is 866 a factor of 2727034?
True
Is 1575323 a multiple of 14?
False
Is 237403 a multiple of 344?
False
Is 41152 a multiple of 4?
True
Is 1720092 a multiple of 628?
True
Is 270 a factor of 5671006?
False
Does 71 divide 91164?
True
Is 159048 a multiple of 12?
True
Is 3 a factor of 2230544?
False
Is 66 a factor of 27599?
False
Does 7 divide 72253?
False
Does 5 divide 53854?
False
Does 2 divide 11554?
True
Is 30 a factor of 15433561?
False
Does 213 divide 4703454?
False
Does 8 divide 11072?
True
Is 32 a factor of 1717248?
True
Does 6 divide 22338?
True
Does 31 divide 19623?
True
Is 16 a factor of 781312?
True
Is 2991116 a multiple of 18?
False
Is 5579455 a multiple of 1673?
True
Does 36 divide 272829?
False
Is 18679744 a multiple of 64?
True
Is 972 a factor of 7102404?
True
Is 7414992 a multiple of 93?
False
Is 2922660 a multiple of 15?
True
Does 383 divide 342402?
True
Does 116 divide 1333420?
True
Is 5200248 a multiple of 258?
True
Is 7266 a multiple of 7?
True
Is 154 a factor of 1290828?
True
Is 248 a factor of 60016?
True
Is 4121623 a multiple of 58?
False
Is 1602858 a multiple of 7?
False
Is 1346160 a multiple of 426?
True
Is 58098 a multiple of 23?
True
Does 46 divide 357098?
True
Is 110 a factor of 6591992?
False
Does 20 divide 589524?
False
Is 136 a factor of 27897?
False
Is 67 a factor of 536?
True
Is 1919925 a multiple of 1449?
True
Is 72 a factor of 76824?
True
Is 128 a factor of 87296?
True
Is 1824851 a multiple of 103?
True
Is 1232608 a multiple of 17?
False
Is 18 a factor of 71370?
True
Is 294621 a multiple of 41?
False
Does 133 divide 616468?
False
Is 74453 a multiple of 134?
False
Is 686448 a multiple of 66?
False
Is 162 a factor of 15500160?
True
Does 117 divide 9232006?
False
Is 4326690 a multiple of 6?
True
Is 833359 a multiple of 122?
False
Does 67 divide 1509510?
True
Is 13 a factor of 5969824?
False
Is 514 a factor of 662209?
False
Is 6601 a multiple of 6?
False
Does 6 divide 711988?
False
Is 36700 a multiple of 5?
True
Is 659087 even?
False
Does 736 divide 2203980?
False
Is 266224 a multiple of 56?
True
Is 18 a factor of 1715192?
False
Is 6824631 a multiple of 419?
False
Does 61 divide 227628?
False
Is 13 a factor of 9673?
False
Is 43 a factor of 1200306?
False
Does 15 divide 3315685?
False
Does 16 divide 744438?
False
Does 13 divide 195312?
True
Is 288 a factor of 12576552?
False
Does 201 divide 547122?
True
Does 9 divide 491617?
False
Is 35776 a multiple of 13?
True
Is 2201205 a multiple of 18?
False
Does 1047 divide 10886333?
False
Is 105617 a multiple of 50?
False
Is 13 a factor of 911650?
False
Is 188442 a multiple of 58?
True
Does 413 divide 163022?
False
Does 725 divide 3482252?
False
Does 61 divide 5993356?
False
Is 566 a factor of 486936?
False
Is 55 a factor of 113811?
False
Is 50 a factor of 257350?
True
Is 370 a factor of 103230?
True
Is 161332 a multiple of 212?
True
Is 177097 a multiple of 433?
True
Is 1483745 a multiple of 12?
False
Is 19 a factor of 179398?
True
Is 45 a factor of 908955?
True
Does 18 divide 228937?
False
Is 237576 a multiple of 210?
False
Is 51914 a multiple of 16?
False
Is 257798 a multiple of 166?
True
Is 232 a factor of 9018282?
False
Is 133002 a multiple of 54?
True
Does 324 divide 1624166?
False
Is 25 a factor of 15805154?
False
Is 7 a factor of 9044341?
False
Is 9 a factor of 234970?
False
Is 11 a factor of 96415?
True
Is 35711 a multiple of 67?
True
Is 696276 a multiple of 108?
True
Does 49 divide 202738?
False
Does 850 divide 506600?
True
Is 1955899 a multiple of 283?
False
Does 19 divide 482654?
False
Is 263 a factor of 280884?
True
Is 745 a factor of 7659121?
False
Does 5 divide 90616?
False
Does 764 divide 9896181?
False
Is 4 a factor of 77668?
True
Is 5 a factor of 81960?
True
Is 5 a factor of 147195?
True
Is 577 a multiple of 2?
False
Is 156238 a multiple of 467?
False
Is 4 a factor of 796?
True
Is 45 a factor of 1378260?
True
Is 4 a factor of 1766899?
False
Does 349 divide 9322837?
True
Does 13 divide 1334870?
False
Does 73 divide 11503778?
True
Does 12 divide 111000?
True
Is 888958 a multiple of 47?
True
Is 747985 a m